{"id":31,"date":"2023-04-10T06:25:17","date_gmt":"2023-04-10T08:25:17","guid":{"rendered":"https:\/\/www.rekolantyovaenyhdistys.fi\/?page_id=31"},"modified":"2025-10-06T05:01:00","modified_gmt":"2025-10-06T07:01:00","slug":"puolueen-luottamustoimet","status":"publish","type":"page","link":"https:\/\/www.rekolantyovaenyhdistys.fi\/?page_id=31","title":{"rendered":"Puolueen luottamustoimet"},"content":{"rendered":"\n<p><strong><strong>Uudenmaan Sosialidemokraatit<\/strong>, piirikokokousedustajat<\/strong><\/p>\n\n\n\n<p>varsinaiset j\u00e4senet: Osmo K\u00e4hk\u00f6nen, Jukka Virtanen<\/p>\n\n\n\n<p>varaj\u00e4senet: Mika Oja, Jyrki Riikonen<\/p>\n\n\n\n<p><strong>Vantaan Sosialidemokraatit<\/strong>, <strong>kunnallisj\u00e4rjest\u00f6n hallitus<\/strong><\/p>\n\n\n\n<p>Mika Oja<\/p>\n\n\n\n<p><strong>Vantaan Sosialidemokraatit<\/strong>, <strong>kunnallisj\u00e4rjest\u00f6n edustajisto<\/strong><\/p>\n\n\n\n<p>Varsinaiset j\u00e4senet: Mika Oja, Jyrki Riikonen<\/p>\n\n\n\n<p>Varaj\u00e4senet: Ray Mets\u00e4l\u00e4, Jyrki Riikonen<\/p>\n\n\n\n<p><strong>Demarinaiset<\/strong><\/p>\n\n\n\n<p>Tuija Haapalainen, Nina Uskola, Soile Sillanm\u00e4ki<\/p>\n","protected":false},"excerpt":{"rendered":"<div class=\"mh-excerpt\"><p>Uudenmaan Sosialidemokraatit, piirikokokousedustajat varsinaiset j\u00e4senet: Osmo K\u00e4hk\u00f6nen, Jukka Virtanen varaj\u00e4senet: Mika Oja, Jyrki Riikonen Vantaan Sosialidemokraatit, kunnallisj\u00e4rjest\u00f6n hallitus Mika Oja Vantaan Sosialidemokraatit, kunnallisj\u00e4rjest\u00f6n edustajisto Varsinaiset j\u00e4senet: Mika Oja, Jyrki Riikonen Varaj\u00e4senet: Ray Mets\u00e4l\u00e4, Jyrki Riikonen <a class=\"mh-excerpt-more\" href=\"https:\/\/www.rekolantyovaenyhdistys.fi\/?page_id=31\" title=\"Puolueen luottamustoimet\">[&#8230;]<\/a><\/p>\n<\/div>","protected":false},"author":1,"featured_media":0,"parent":0,"menu_order":0,"comment_status":"closed","ping_status":"closed","template":"","meta":{"footnotes":""},"class_list":["post-31","page","type-page","status-publish"],"_links":{"self":[{"href":"https:\/\/www.rekolantyovaenyhdistys.fi\/index.php?rest_route=\/wp\/v2\/pages\/31","targetHints":{"allow":["GET"]}}],"collection":[{"href":"https:\/\/www.rekolantyovaenyhdistys.fi\/index.php?rest_route=\/wp\/v2\/pages"}],"about":[{"href":"https:\/\/www.rekolantyovaenyhdistys.fi\/index.php?rest_route=\/wp\/v2\/types\/page"}],"author":[{"embeddable":true,"href":"https:\/\/www.rekolantyovaenyhdistys.fi\/index.php?rest_route=\/wp\/v2\/users\/1"}],"replies":[{"embeddable":true,"href":"https:\/\/www.rekolantyovaenyhdistys.fi\/index.php?rest_route=%2Fwp%2Fv2%2Fcomments&post=31"}],"version-history":[{"count":6,"href":"https:\/\/www.rekolantyovaenyhdistys.fi\/index.php?rest_route=\/wp\/v2\/pages\/31\/revisions"}],"predecessor-version":[{"id":213,"href":"https:\/\/www.rekolantyovaenyhdistys.fi\/index.php?rest_route=\/wp\/v2\/pages\/31\/revisions\/213"}],"wp:attachment":[{"href":"https:\/\/www.rekolantyovaenyhdistys.fi\/index.php?rest_route=%2Fwp%2Fv2%2Fmedia&parent=31"}],"curies":[{"name":"wp","href":"https:\/\/api.w.org\/{rel}","templated":true}]}}

<p><strong><strong>Uudenmaan Sosialidemokraatit</strong>, piirikokokousedustajat</strong></p>



<p>varsinaiset jäsenet: Osmo Kähkönen, Jukka Virtanen</p>



<p>varajäsenet: Mika Oja, Jyrki Riikonen</p>



<p><strong>Vantaan Sosialidemokraatit</strong>, <strong>kunnallisjärjestön hallitus</strong></p>



<p>Mika Oja</p>



<p><strong>Vantaan Sosialidemokraatit</strong>, <strong>kunnallisjärjestön edustajisto</strong></p>



<p>Varsinaiset jäsenet: Mika Oja, Jyrki Riikonen</p>



<p>Varajäsenet: Ray Metsälä, Jyrki Riikonen</p>



<p><strong>Demarinaiset</strong></p>



<p>Tuija Haapalainen, Nina Uskola, Soile Sillanmäki</p>

<div class="mh-excerpt"><p>Uudenmaan Sosialidemokraatit, piirikokokousedustajat varsinaiset jäsenet: Osmo Kähkönen, Jukka Virtanen varajäsenet: Mika Oja, Jyrki Riikonen Vantaan Sosialidemokraatit, kunnallisjärjestön hallitus Mika Oja Vantaan Sosialidemokraatit, kunnallisjärjestön edustajisto Varsinaiset jäsenet: Mika Oja, Jyrki Riikonen Varajäsenet: Ray Metsälä, Jyrki Riikonen <a class="mh-excerpt-more" href="https://www.rekolantyovaenyhdistys.fi/?page_id=31" title="Puolueen luottamustoimet">[&#8230;]</a></p>
</div>
